 (base 14) to base 3.
-11000222020
Convert -18cfa (base 16) to base 3.
-12011101221
Convert -2ceab1 (base 16) to base 7.
-34010054
What is -28a32 (base 14) in base 12?
-4a3b0
What is 2ac5d6 (base 14) in base 4?
11230232100
3bc24 (base 13) to base 7
644156
-68376 (base 15) to base 12
-13ba40
-3507713 (base 11) to base 2
-10111011000100111000100
6184772 (base 9) to base 14
61ddab
75b10 (base 14) to base 3
112110200020
What is 128b587 (base 12) in base 13?
9b6230
What is -69c4c (base 13) in base 15?
-3c3c1
Convert 840815 (base 10) to base 15.
1191e5
Convert -2001041 (base 7) to base 9.
-388245
What is -757f3e (base 16) in base 12?
-26b4226
-24340411 (base 5) to base 10
-230731
What is -382673 (base 10) in base 6?
-12111345
Convert 68745 (base 12) to base 13.
4b536
-22122a (base 12) to base 6
-15333254
What is -2012203 (base 6) in base 3?
-11211110210
-44653 (base 12) to base 11
-62230
What is -59175 (base 10) in base 7?
-334344
Convert a17309 (base 12) to base 2.
1001100111100111111001
What is -54792a (base 16) in base 4?
-111013210222
-235afd (base 16) to base 11
-1342922
Convert -1024115 (base 6) to base 5.
-3101114
Convert 364300 (base 8) to base 12.
604a8
9c725 (base 14) to base 7
3142045
120420432 (base 5) to base 2
10001000111001100110
110100110101010110 (base 2) to base 4
310311112
What is -2371573 (base 9) in base 7?
-13640433
What is 155220514 (base 6) in base 14?
629c62
What is 1120352 (base 7) in base 15?
2b4b2
What is -46837 (base 12) in base 9?
-153567
Convert -56541 (base 7) to base 13.
-66ab
What is -94c3 (base 16) in base 9?
-57214
10097e0 (base 16) to base 10
16816096
What is 1106364 (base 7) in base 3?
20221112020
What is 51046 (base 7) in base 4?
3001132
Convert 11202011102 (base 3) to base 5.
10442211
What is -679292 (base 13) in base 6?
-124244535
Convert -205119 (base 11) to base 12.
-13a402
Convert -1011100111010101 (base 2) to base 7.
-255461
What is -2332450 (base 6) in base 15?
-25d59
Convert 223083 (base 12) to base 13.
160a55
255516 (base 8) to base 5
10321120
What is -9a02 (base 13) in base 12?
-10509
-30390 (base 16) to base 6
-4122240
Convert -3103140024 (base 5) to base 10.
-6302514
What is -8425a6a (base 11) in base 3?
-1000221122202000
What is -304730 (base 8) in base 14?
-28a5a
What is -1200200112 (base 3) in base 15?
-9d05
What is 3094003 (base 10) in base 4?
23303113303
-210212003 (base 4) to base 15
-2e62b
-1000101110010000110111 (base 2) to base 3
-11022011200122
Convert -10111000101100101111 (base 2) to base 8.
-2705457
Convert 21a218 (base 12) to base 3.
1000020020102
-1d1cad (base 16) to base 13
-51a535
-221200323 (base 4) to base 3
-22122020220
Convert -1312bc6 (base 13) to base 7.
-101535522
What is 38551 (base 13) in base 15?
20cea
Convert 20012000012 (base 3) to base 11.
83520
What is 155741 (base 10) in base 11?
a7013
-330b2 (base 12) to base 4
-100133012
-7c78 (base 16) to base 4
-13301320
2280339 (base 13) to base 11
5aa79a6
Convert -120222021010200 (base 3) to base 8.
-40303177
10000011101001010 (base 2) to base 7
400336
8637c (base 16) to base 9
1027110
-1212203313 (base 4) to base 9
-710223
556633 (base 8) to base 16
2dd9b
Convert 4a6496 (base 12) to base 7.
13213422
-1aa53 (base 16) to base 4
-122221103
101000022000 (base 3) to base 5
22301141
What is 6713b (base 14) in base 15?
4e0d8
Convert -2a9c24 (base 16) to base 11.
-1638042
Convert 271334 (base 10) to base 6.
5452102
What is 273617 (base 15) in base 16?
1cc1ce
What is 11500502 (base 6) in base 7?
3052022
Convert 200222220220102 (base 3) to base 5.
10041031401
What is -127a26 (base 12) in base 8?
-1121376
Convert -a52fe (base 16) to base 9.
-1241114
35c081 (base 15) to base 6
131042451
46281 (base 14) to base 11
107221
What is -5dc29 (base 15) in base 12?
-125563
Convert 3201235 (base 7) to base 10.
387028
Convert 230222 (base 7) to base 12.
1b82b
What is 200145666 (base 7) in base 8?
54056266
Convert -1036648 (base 9) to base 15.
-aeb38
11120221211002 (base 3) to base 13
6756b3
-632402 (base 12) to base 9
-2835772
Convert -3000200 (base 7) to base 16.
-56315
Convert 4aa9e (base 16) to base 10.
305822
Convert -715a29 (base 11) to base 6.
-40351330
44747 (base 9) to base 16
744a
What is 2502452 (base 6) in base 5?
13222200
1057ac (base 13) to base 14
9db23
307773 (base 8) to base 11
6aa27
Convert 27166344 (base 9) to base 15.
1297217
Convert -102395a (base 11) to base 3.
-10101202100112
What is -12431062 (base 7) in base 12?
-468077
What is 48260 (base 10) in base 14?
13832
Convert -318613 (base 10) to base 16.
-4dc95
Convert -322636 (base 8) to base 7.
-626451
558953 (base 11) to base 8
3312617
Convert 4033993 (base 10) to base 13.
ab31a2
13434000 (base 5) to base 16
22263
What is -12202220101 (base 3) in base 12?
-55931
Convert 31500114 (base 6) to base 5.
214103030
What is 33124040 (base 5) in base 7?
2301146
Convert -4530a (base 13) to base 7.
-1032415
Convert -1119b79 (base 12) to base 7.
-36550431
What is -304717 (base 9) in base 7?
-1351444
Convert -1110110010101000000 (base 2) to base 11.
-301161
What is -5b00c (base 14) in base 6?
-4433020
What is 75575 (base 9) in base 10?
50045
4717203 (base 10) to base 2
10001111111101010010011
What is a4660 (base 12) in base 13?
76c56
30311233201 (base 4) to base 14
6388a5
138489 (base 11) to base 9
358515
What is 1020142410 (base 5) in base 11?
1215330
Convert -620621 (base 10) to base 16.
-9784d
Convert 19a45c (base 15) to base 8.
4610711
What is -4034531 (base 6) in base 5?
-22112300
What is -a3c9a (base 16) in base 8?
-2436232
Convert -110376 (base 9) to base 8.
-200602
Convert -1b80373 (base 12) to base 5.
-3001431133
Convert -100001001000001011 (base 2) to base 4.
-201020023
11011101001101111100 (base 2) to base 4
3131031330
1711773 (base 8) to base 5
111343020
What is -5031443 (base 8) in base 12?
-53a117
What is -45155124 (base 6) in base 11?
-855121
Convert -23325434 (base 7) to base 12.
-832608
Convert -1910655 (base 10) to base 3.
-10121001221000
203203233 (base 4) to base 14
3b115
Convert -1561032 (base 7) to base 10.
-216456
What is -1b0175 (base 13) in base 15?
-d82a4
What is 10011010000111001111 (base 2) in base 10?
631247
Convert 22846 (base 13) to base 15.
139a1
282522 (base 11) to base 9
744020
What is a123b8 (base 12) in base 5?
1120404314
Convert 11b94d (base 15) to base 12.
34b547
-184ae9 (base 15) to base 14
-22a224
What is -3400442 (base 6) in base 13?
-5cc36
Convert 11010111010100000110 (base 2) to base 14.
18d58a
301203023 (base 4) to base 10
202955
Convert 12e64c (base 16) to base 3.
2022221001020
What is 250100 (base 7) in base 5?
2430133
Convert 25353044 (base 6) to base 14.
176232
What is -151728 (base 13) in base 16?
-7e588
-518660 (base 9) to base 14
-8044a
What is 451a27 (base 15) in base 12?
112b6a7
Convert 121113003 (base 4) to base 15.
20ba0
What is 90721 (base 10) in base 13?
323a7
What is -a4444 (base 15) in base 16?
-7f20a
What is 2232102 (base 4) in base 9?
16263
31233211312 (base 4) to base 6
205115354
What is -14264144 (base 8) in base 12?
-1101a04
Convert -670bab (base 13) to base 12.
-992099
What is 59740 (base 13) in base 3?
22022201011
What is -103302333120 (base 4) in base 16?
-4f2fd8
What is -333313043 (base 5) in base 3?
-2202100120120
-1020110111120 (base 3) to base 7
-5412162
What is 4305316 (base 7) in base 10?
522892
Convert -161153 (base 11) to base 14.
-67383
1344432343 (base 5) to base 8
15320543
-666453 (base 8) to base 10
-224555
-503053 (base 7) to base 16
-14c6e
What is 1001100100001010101 (base 2) in base 15?
62d04
-ee7c (base 16) to base 2
-1110111001111100
What is 3626ca (base 13) in base 5?
312301234
What is -16ae39 (base 15) in base 10?
-1100079
Convert -7232525 (base 9) to base 6.
-214421122
Convert 1aa17 (base 13) to base 16.
cc11
Convert 215a80 (base 11) to base 4.
1110021320
Convert 93235 (base 10) to base 3.
11201220011
Convert a7562 (base 11) to base 14.
40dd6
Convert 1225535 (base 8) to base 4.
1102231131
44a608 (base 11) to base 5
140414222
Convert 427111 (base 11) to base 3.
1021200210221
-515236 (base 7) to base 2
-10101100011010100
Convert -253431011 (base 6) to base 2.
-10010110100100111001111
32672524 (base 8) to base 16
6b7554
Convert -124214110 (base 5) to base 16.
-9694c
What is 19dc3 (base 16) in base 5?
1134